me?
False
Is 2088509749 a prime number?
False
Is 10383506911 a composite number?
True
Is 228349613 a prime number?
False
Is 267198709 prime?
False
Is 106329317 prime?
False
Is 1635317599 a composite number?
True
Is 27411551719 a prime number?
True
Is 15872522251 a prime number?
False
Is 1858093273 a composite number?
True
Is 244948474609 a prime number?
False
Is 4864693417 a composite number?
True
Is 3042417373 prime?
False
Is 4170488141 a prime number?
False
Is 367352867 a composite number?
True
Is 98869441 prime?
False
Is 36625145 a prime number?
False
Is 1505941403 a prime number?
False
Is 5160438707 prime?
True
Is 5299878479 a composite number?
True
Is 2402074457 prime?
True
Is 830290009 a prime number?
False
Is 29014967 prime?
True
Is 4001551783 prime?
False
Is 400737983 a composite number?
False
Is 84718329041 a composite number?
False
Is 566395561 composite?
False
Is 14777771321 composite?
False
Is 3855303941 prime?
True
Is 85372688941 prime?
True
Is 334776979 a composite number?
True
Is 1307886197 prime?
True
Is 583579597 prime?
True
Is 552283939 composite?
False
Is 69400421309 a prime number?
False
Is 3889019609 a composite number?
True
Is 44279421191 prime?
False
Is 4665755383 a composite number?
True
Is 160765391051 a composite number?
False
Is 3765162457 prime?
False
Is 40387230419 a composite number?
False
Is 12242644121 a prime number?
False
Is 35792140711 a prime number?
False
Is 300291643 a composite number?
False
Is 857174763 prime?
False
Is 4709938309 prime?
True
Is 460805713 a composite number?
True
Is 26070834473 prime?
True
Is 5265245651 a prime number?
False
Is 36095765837 composite?
False
Is 3397815947 a composite number?
False
Is 95071121 a composite number?
True
Is 791772559 a prime number?
False
Is 2881125451 a prime number?
False
Is 112744509637 a prime number?
True
Is 9003179291 a composite number?
False
Is 17604804443 a composite number?
True
Is 81837384403 a composite number?
False
Is 480520247 composite?
True
Is 56979741002 prime?
False
Is 19272101279 prime?
False
Is 638534119 composite?
True
Is 33040379 composite?
False
Is 67603325011 prime?
True
Is 2618150919 a prime number?
False
Is 6587311967 a prime number?
True
Is 64495181 composite?
True
Is 1091768047 a prime number?
False
Is 2042083517 prime?
False
Is 403276897 a composite number?
False
Is 2912647877 prime?
True
Is 162271223 a composite number?
True
Is 4242458899 a composite number?
True
Is 4057185953 composite?
False
Is 9914915765 prime?
False
Is 8509274423 a prime number?
False
Is 2730312121 composite?
True
Is 11397785029 a composite number?
True
Is 2262865543 a prime number?
False
Is 11346631729 a prime number?
True
Is 130701049 prime?
False
Is 3052500247 prime?
True
Is 4267395299 a prime number?
False
Is 116295217 a composite number?
True
Is 251691413 composite?
False
Is 1370657 composite?
False
Is 1552212203 a composite number?
False
Is 26815319659 composite?
False
Is 1110755227 a composite number?
True
Is 619044313 prime?
False
Is 1521048079 composite?
False
Is 23871592841 composite?
False
Is 1440541423 composite?
False
Is 26036395205 prime?
False
Is 88214207339 a prime number?
True
Is 695241213 prime?
False
Is 405932311 composite?
False
Is 5713358909 composite?
False
Is 19194755003 a composite number?
False
Is 1834438937 a composite number?
False
Is 3441323297 prime?
True
Is 57642407 a prime number?
False
Is 2116620633 composite?
True
Is 3666255823 prime?
True
Is 504199789697 a prime number?
True
Is 2863420899 composite?
True
Is 95221085 composite?
True
Is 126586693 a prime number?
False
Is 619036501 prime?
True
Is 383715427 a composite number?
True
Is 1961460091 a prime number?
False
Is 2310130811 a composite number?
False
Is 2877342427 prime?
False
Is 7290690499 a composite number?
True
Is 251333698061 prime?
True
Is 20356706 a composite number?
True
Is 33808788103 prime?
True
Is 770660689 a composite number?
False
Is 2439768203 prime?
True
Is 2287739027 composite?
True
Is 14121473489 a composite number?
False
Is 153501358 a composite number?
True
Is 1823045267 a prime number?
True
Is 2879048077 composite?
False
Is 628305719 composite?
False
Is 602436031 prime?
False
Is 4221661921 composite?
True
Is 19696213469 a composite number?
False
Is 11657712373 composite?
False
Is 23975413559 a prime number?
True
Is 2308097503 composite?
False
Is 8395846169 prime?
False
Is 13662762415 composite?
True
Is 248383301 composite?
False
Is 474023749 a prime number?
True
Is 1231719347 composite?
False
Is 7974097679 a prime number?
True
Is 7436765879 a composite number?
True
Is 2136129371 a prime number?
True
Is 675267899 composite?
True
Is 37231696703 a composite number?
True
Is 585021347 composite?
False
Is 14724689489 prime?
False
Is 112690588213 prime?
False
Is 6591215263 a composite number?
False
Is 22913900323 composite?
False
Is 1555990451 a prime number?
False
Is 404640079 a composite number?
True
Is 7955131417 a prime number?
False
Is 31795288783 a composite number?
True
Is 663541045 composite?
True
Is 16033737893 a prime number?
True
Is 6331410611 a composite number?
True
Is 4155454129 a prime number?
True
Is 14494742429 prime?
True
Is 38833323853 prime?
False
Is 582906749 a composite number?
True
Is 955239619 a composite number?
True
Is 216913927 prime?
True
Is 18384064121 prime?
True
Is 2215245977 a prime number?
False
Is 1683362381 composite?
False
Is 204590627 prime?
False
Is 126792504427 a composite number?
False
Is 2959468601 composite?
True
Is 9408392723 prime?
False
Is 1718294477 prime?
False
Is 7790196643 a composite number?
False
Is 77038878727 a prime number?
True
Is 72931637 composite?
False
Is 16599181 prime?
True
Is 412468201 a composite number?
True
Is 168334209935 prime?
False
Is 113732592227 prime?
False
Is 452860567 a composite number?
True
Is 1286650259 prime?
True
Is 2441863183 a composite number?
False
Is 98047821229 prime?
True
Is 40957691999 prime?
False
Is 4846904053 composite?
False
Is 309285156227 a composite number?
True
Is 1832541839 a prime number?
False
Is 71072330347 prime?
True
Is 5080958603 prime?
False
Is 15031231043 a prime number?
False
Is 136239029 a composite number?
False
Is 48738970961 a composite number?
False
Is 274826663 a prime number?
True
Is 355443019 prime?
True
Is 73676293 a composite number?
False
Is 3885226841 prime?
True
Is 177303677 a composite number?
False
Is 1190870861 composite?
False
Is 604601449 composite?
True
Is 2799748451 composite?
False
Is 688266197 prime?
False
Is 22299152173 composite?
True
Is 2334389359 a prime number?
False
Is 1032686587 prime?
True
Is 186336827 a prime number?
True
Is 629261419 composite?
True
Is 6559160945 a composite number?
True
Is 7489492973 prime?
False
Is 16781287 prime?
True
Is 3571592833 a prime number?
False
Is 31473469 prime?
False
Is 85788024017 a composite number?
False
Is 1132239463 a prime number?
False
Is 200365193 prime?
False
Is 53623300213 prime?
False
Is 16606218679 composite?
True
Is 1410884533 a prime number?
True
Is 1894787339 a composite number?
False
Is 174723959 a composite number?
False
Is 2023529381 a composite number?
True
Is 529077317 composite?
False
Is 67797797 a composite number?
True
Is 203341429 a prime number?
False
Is 200225101 prime?
True
Is 12446918453 a composite number?
True
Is 862515309 a composite number?
True
Is 31302734233 prime?
True
Is 13345310453 a prime number?
False
Is 27629715671 a prime number?
True
Is 394934473 a composite number?
False
Is 1341775901 a composite number?
True
Is 22078357829 prime?
False
Is 562898587 prime?
True
Is 47274138563 composite?
False
Is 32526307579 composite?
False
Is 19723168673 a prime number?
False
Is 51099578507 prime?
True
Is 49352297317 composite?
False
Is 3162057791 composite?
True
Is 345802271 a composite number?
False
Is 31625054413 a composite number?
False
Is 89461892113 composite?
True
Is 17314791341 a composite number?
False
Is 58686791 composite?
False
Is 1222825466 prime?
False
Is 3046663667 composite?
False
Is 4366506569 a prime number?
False
Is 52686862453 composite?
True
Is 5879424757 prime?
True
Is 681548717 prime?
False
Is 21668932739 prime?
True
Is 116672317 a composite number?
False
Is 1770296009 prime?
True
Is 51201625349 a prime number?
False
Is 46225297 a prime numbe